is 1 + -1?
0
In base 3, what is -22 + -11?
-110
In base 16, what is 1034 - -1?
1035
In base 5, what is -112 - -10?
-102
In base 8, what is 552 + -4?
546
In base 15, what is 2 - 0?
2
In base 5, what is -2042310 + 2?
-2042303
In base 2, what is 101110110 + -11?
101110011
In base 12, what is -3 + 34a?
347
In base 8, what is -1020 - -2?
-1016
In base 5, what is -12110 - 0?
-12110
In base 6, what is 52 - 251?
-155
In base 16, what is -43 - -1c?
-27
In base 3, what is 12 + 11111?
11200
In base 3, what is -12201210 + -2?
-12201212
In base 13, what is -74 - 3?
-77
In base 15, what is 20 - -2b?
4b
In base 5, what is -141 + -3?
-144
In base 11, what is -59 + -5?
-63
In base 13, what is 1 + -135?
-134
In base 4, what is -3 - 23320?
-23323
In base 10, what is -751 - 5?
-756
In base 11, what is -2 + -522?
-524
In base 4, what is 212 - 23?
123
In base 15, what is 697 + -3?
694
In base 15, what is 8 + e?
17
In base 7, what is 2330 - -3?
2333
In base 9, what is 36 - -54?
101
In base 14, what is 1a6 - -3?
1a9
In base 10, what is 4 + 0?
4
In base 6, what is -13 + -21?
-34
In base 11, what is -11 - -2?
-a
In base 10, what is 3 - 109?
-106
In base 14, what is 5 - a1?
-9a
In base 9, what is -405 - -4?
-401
In base 7, what is 36 + 1165?
1234
In base 8, what is 54 + -151?
-75
In base 7, what is 155 - 22?
133
In base 8, what is -1272 + 3?
-1267
In base 5, what is 100 - 31?
14
In base 6, what is -30 - -1?
-25
In base 3, what is -12 + -110?
-122
In base 2, what is 101001 - 11?
100110
In base 16, what is c - 6?
6
In base 10, what is -961 + 1?
-960
In base 13, what is 4834 - 0?
4834
In base 8, what is -20 - -253?
233
In base 10, what is 1 + -22?
-21
In base 9, what is 122 + 4?
126
In base 16, what is 228 - 2?
226
In base 13, what is -3 + 14a?
147
In base 13, what is 10 - -1?
11
In base 16, what is 6f - -1d?
8c
In base 13, what is -5 + -47?
-4c
In base 16, what is 4 + -4b?
-47
In base 9, what is -2 - -160?
157
In base 6, what is 311 + 431?
1142
In base 5, what is -410 - 0?
-410
In base 14, what is -77 + -1?
-78
In base 9, what is -45 + -5?
-51
In base 3, what is 20 - 1200112?
-1200022
In base 10, what is 3037 + -1?
3036
In base 3, what is 110121 - 11?
110110
In base 7, what is 22005 + 1?
22006
In base 15, what is 4 - 32?
-2d
In base 13, what is -190 + 0?
-190
In base 16, what is 2cc + 4?
2d0
In base 2, what is -100 - 101000101?
-101001001
In base 7, what is 4405 + -2?
4403
In base 5, what is 110 + 23?
133
In base 14, what is 11 - 4?
b
In base 13, what is 66c + 1?
670
In base 11, what is 2 + -44?
-42
In base 3, what is -1 + 11120?
11112
In base 5, what is 24 - 132?
-103
In base 15, what is 3 + -38e?
-38b
In base 9, what is 0 + -5?
-5
In base 13, what is -163 - -5?
-15b
In base 16, what is -377 - e?
-385
In base 9, what is 4884 - 0?
4884
In base 2, what is -110110 - -11?
-110011
In base 11, what is -48 + -3?
-50
In base 16, what is b389 + -5?
b384
In base 5, what is -1 + 24233?
24232
In base 4, what is 21 - -11?
32
In base 16, what is 3 - -11?
14
In base 5, what is 11 + 1124?
1140
In base 12, what is 5 - -2a5?
2aa
In base 10, what is 3 - -60?
63
In base 4, what is -13 - 130?
-203
In base 4, what is -132320 - 2?
-132322
In base 13, what is -8c - -3?
-89
In base 14, what is 1b - 50?
-33
In base 14, what is 1 - d6?
-d5
In base 4, what is 0 - 311332?
-311332
In base 11, what is -5 + 275?
270
In base 13, what is 19 - -1?
1a
In base 7, what is -23 + 6?
-14
In base 2, what is 101 - -110100100?
110101001
In base 11, what is -a + 10?
1
In base 9, what is 5 - -210?
215
In base 11, what is 19 + -10?
9
In base 2, what is -1001000 + 0?
-1001000
In base 10, what is -20 - -61?
41
In base 13, what is -4234 - 5?
-4239
In base 5, what is -102 + 24?
-23
In base 10, what is -174 + 8?
-166
In base 11, what is 83 + -54?
2a
In base 16, what is -1 - -1e5d?
1e5c
In base 15, what is -5 + -27?
-2c
In base 8, what is -67 - 222?
-311
In base 16, what is -3 + -2?
-5
In base 16, what is 2d + -1?
2c
In base 15, what is -4 - -d6?
d2
In base 15, what is -bed - 6?
-c04
In base 2, what is 111011110 + -101?
111011001
In base 3, what is -11 + 10021?
10010
In base 3, what is 10 - 11100?
-11020
In base 2, what is 10 - -100001?
100011
In base 12, what is 0 - -3a3?
3a3
In base 6, what is 13 - -52?
105
In base 16, what is -13 + 16?
3
In base 6, what is -42115 + -2?
-42121
In base 14, what is 11b + -4?
117
In base 5, what is -44141 - -10?
-44131
In base 15, what is 0 + 20?
20
In base 12, what is -a36 - -2?
-a34
In base 12, what is 17 - 6?
11
In base 5, what is 32 + 31?
113
In base 15, what is -29 + -43?
-6c
In base 15, what is 352e + 3?
3532
In base 4, what is 1133 - 13?
1120
In base 4, what is 302 - -31?
333
In base 16, what is -87 + -11?
-98
In base 16, what is 4 + -7a?
-76
In base 11, what is -9 + -27?
-35
In base 13, what is -5 - 2a?
-32
In base 4, what is 1003 + 103?
1112
In base 16, what is -95 + 1?
-94
In base 15, what is -3 + a?
7
In base 8, what is 227 - 2?
225
In base 2, what is -100 - 10101?
-11001
In base 14, what is 5 - -13?
18
In base 12, what is -17b6 - 2?
-17b8
In base 11, what is 732 - 4?
729
In base 8, what is -3 + -2576?
-2601
In base 10, what is 5 + -27?
-22
In base 5, what is -204 + 131?
-23
In base 14, what is -103a - 5?
-1041
In base 6, what is -23023 - -1?
-23022
In base 11, what is 0 - 165?
-165
In base 10, what is -45 - -3?
-42
In base 11, what is 211 + -1?
210
In base 2, what is -10 + 111100?
111010
In base 10, what is -14 + 0?
-14
In base 12, what is 3 + 9a?
a1
In base 7, what is 113556 + 3?
113562
In base 11, what is 2 - -85?
87
In base 16, what is e + -cd?
-bf
In base 8, what is 341 - 4?
335
In base 11, what is 3 + 65?
68
In base 9, what is -368 + -21?
-400
In base 14, what is 1 - 72?
-71
In base 16, what is 5 - f?
-a
In base 15, what is -24d - -4?
-249
In base 15, what is -7 - 6?
-d
In base 16, what is 795a - 0?
795a
In base 3, what is -111 + 20?
-21
In base 4, what is -13 + 3?
-10
In base 2, what is 0 + 100101?
100101
In base 4, what is -1312312 - -11?
-1312301
In base 7, what is -60 + 542?
452
In base 11, what is 156a - 5?
1565
In base 4, what is -1310 + 33?
-1211
In base 5, what is 12 - 3413?
-3401
In base 10, what is 0 - 112?
-112
In base 12, what is -4 + -2246?
-224a
In base 10, what is 5242 - -4?
5246
In base 5, what is 2 + -11333?
-11331
In base 3, what is -10 - -21101010?
21101000
In base 8, what is 0 + -15?
-15
In base 4, what is -3200 + -12?
-3212
In base 7, what is 5 - 1?
4
In base 5, what is 23 - 124?
-101
In base 3, what is -12122 - 0?
-12122
In base 8, what is 502 + 1?
503
In base 2, what is -10010 + 1000010101?
1000000011
In base 15, what is 14 - -11?
25
In base 3, what is 2 + -10010?
-10001
In base 6, what is 2 - 12253?
-12251
In base 10, what is 0 + -1639?
-1639
In base 7, what is 1 + -13?
-12
In base 5, what is -134 - -1?
-133
In base 8, what is 5 - -6633?
6640
In base 14, what is 0 + -4c0?
-4c0
In base 14, what is -400 - -4?
-3da
In base 7, what is 64 + 0?
64
In base 15, what is -2 - -2d?
2b
In base 11, what is -1091 - 3?
-1094
In base 7, what is 1210 + -56?
1121
In base 5, what is 23 - 4112?
-4034
In base 11, what is 1 + -36a?
-369
In base 8, what is 2 + 1004?
1006
In base 12, what is 2 - -2?
4
In base 3, what is -2211 + -100?
-10011
In base 10, what is 2 + 78?
80
In base 11, what is 7977 + 5?
7981
In base 11, what is 34 + -58?
-24
In base 8, what is -1 + -1023?
-1024
In base 5, what is 3 - -1?
4
In base 16, what is a4 + 6?
aa
In base 7, what is -1 + -52?
-53
In base 5, what is 4 + -2?
2
In base 6, what is -522 - -33?
-445
In base 3, what is -220211 - 0?
-220211
In base 16, what is 2ff - -d?
30c
In base 2, what is 1000000 + -10101?
101011
In base 15, what is -ad5 + -7?
-adc
In base 6, what is -1 - -3323?
3322
In base 9, what is 143 + 23?
166
In base 15, what is -2c + 3?
-29
In base 10, what is 1344 + -2?
1342
In base 9, what is -15 - 1?
-16
In base 8, what is 70 - -3?
73
In base 12, what is 1 + -29?
-28
In base 15, what is 54b + -3?
548
In base 13, what is -15 - 11?
-26
In base 5, what is -2024 + -33?
-2112
In base 12, what is 3460 - -1?
3461
In base 4, what is 11 + 111?
122
In base 9, what is -4 + -187?
-202
In base 11, what is 12 + 1a?
31
In base 9, what is 57 - 173?
-115
In base 5, what is -1 + 1130?
1124
In base 12, what is 6 + 328?
332
In base 14, what is 4